True
Suppose -2*f + 4*u = 93 + 1543, -4*u + 808 = -f. Let p be (-1724)/(-6)*21/2. Let n = f + p. Is n prime?
False
Let d(v) = 2*v**3 - 2*v**2 + 4*v - 4. Let s be -1*(-4 - (-4)/4). Let j be d(s). Suppose 49*z = j*z + 1885. Is z a prime number?
False
Is -7 - (8/64 + (-21512324)/32) composite?
True
Suppose 8606*f - 22143403 = 8565*f. Is f a prime number?
False
Let s(x) = -x**2 + x + 3. Let i be s(2). Let o(a) = 4396*a**3 + 2*a**2 - 4*a + 3. Is o(i) composite?
False
Let p(d) = d**2 - 10*d - 21. Suppose 0 = 3*s - 5*v + 3*v - 36, s - 12 = v. Let h be p(s). Suppose 0 = j - 3, -3*j + 3627 = h*r - 8*j. Is r composite?
True
Let x(p) = 70*p**2 + 8*p + 18. Let l be x(-3). Let v = 263 + l. Is v prime?
True
Suppose -10 = 5*i, 2*a - 102 = -0*i + 3*i. Suppose a*f + 5 = 49*f. Suppose -5*v + 5*g - 102 = -20057, -f*v + g = -19947. Is v a prime number?
True
Let c(u) = 3. Let l(m) = -510*m + 132. Let v(s) = 3*c(s) - l(s). Is v(8) composite?
True
Suppose 0 = -48*u + 43876 + 30140. Let v(s) = s**3 - 4*s**2 + s - 1. Let m be v(4). Suppose -m*a = -a - u. Is a a composite number?
True
Suppose -44*s - 2*u = -47*s + 27593, 2*s - 18358 = -4*u. Is s prime?
False
Suppose -b + 4944 = -3*q, -q - 3*b - 1648 = 2*b. Is (q/80)/((-3)/645) prime?
False
Let k(p) = -3*p + 802. Let o(s) be the third derivative of -s**4/3 + 401*s**3 + 15*s**2. Let j(q) = -14*k(q) + 5*o(q). Is j(0) a composite number?
True
Let v(b) = -8*b + 306*b + 155*b + 141*b - 83. Is v(24) a composite number?
False
Let t(n) = 5 - 3*n**2 + 6*n**2 + 6 + 4*n. Suppose 4*m = 2*f + 22, -5*m + 66*f = 67*f - 45. Is t(m) a composite number?
True
Let l(q) = -q**3 - 5*q**2 - 4*q + 3. Let p(t) = -2*t**3 - 9*t**2 - 7*t + 5. Let f(a) = -7*l(a) + 4*p(a). Let n be f(-2). Is ((-658)/n)/(2/(-3)) prime?
False
Suppose -85 = 3*y - 4*k - 80, 0 = 4*y - 4*k. Let z(w) = 0*w**2 - 3*w**2 + 4*w + 7*w**2 + 11. Is z(y) prime?
True
Suppose -2*r + 5*r - 61764 = -4*p, -7*r = p - 15441. Is p a composite number?
True
Let w = -91 - -94. Suppose 3*v - 15 = -w. Suppose -v*j + 7601 = 7*j. Is j a composite number?
False
Let i(d) = -5*d**2 - 4*d + 2. Let u be i(1). Is (-51035)/(-35) - 6/u composite?
False
Let k = 218873 + -56962. Is k composite?
False
Suppose p - 4*p = -2*i - 11, p - 21 = 5*i. Let f be ((-136)/170)/(p/(-5)). Suppose 3*g + 9 = 0, -f*m + 4*g = 20 - 2004. Is m prime?
False
Let p(v) = -30 - 68*v - 64*v - 169*v. Is p(-4) composite?
True
Suppose 6*g + 414 = -0*g. Suppose -v - 2*v - 138 = 0. Is (-422)/(-3)*g/v composite?
False
Suppose 5*o + 84997 = 2*z, 2*o = 5*o + 9. Is z composite?
False
Let p(l) = 2*l**3 - 9*l**2 - 14*l - 40. Let f = 862 + -845. Is p(f) composite?
False
Let g(n) = -n**3 + 6*n**2 - 5*n + 2. Let u be g(5). Suppose 3294 = 4*t - u*c, -t - 4*c - 135 = -981. Suppose -5*p - 191 = -t. Is p a prime number?
True
Let h be (-2)/(-18) - 21498013/(-153). Suppose 40*p - h = 30*p. Is p composite?
False
Let i(y) = 12*y + 63 + 9*y**2 - 26*y - 84. Is i(17) a prime number?
False
Let c(t) = 418*t**2 - 21*t - 3. Let v = 6 - 10. Is c(v) a composite number?
True
Let w(r) be the second derivative of 23*r**6/360 - 19*r**5/120 - 13*r**4/12 - r**2 - 43*r. Let x(t) be the third derivative of w(t). Is x(11) prime?
True
Let r = 61342 - 1143. Is r a composite number?
True
Let x be (2/(-7))/(10/(-70)). Let l be (-1)/(x/(-210) - 0). Is l - (-16)/((-12)/(-3)) composite?
False
Suppose 38*d - 12 = 39*d. Is ((-20)/d)/(1/(-3)) + 756 prime?
True
Suppose -5*o + 1252 = -3*j - 9, -j = -3. Let c = 60 - 60. Suppose c = 5*g - 9519 + o. Is g a prime number?
False
Is (-2)/2*-456767 + (-11 - -7) a prime number?
True
Is (-3 + 286856/(-16))*-2 composite?
False
Let h(a) = 2*a**3 - 8*a**2 - 52*a + 94. Let l be (-4 + (-63)/(-18))*-52. Is h(l) a prime number?
False
Suppose -34*b - 31*b - 48*b + 1039261 = 0. Is b a prime number?
False
Let q(s) = 38*s**2 + 2*s + 21. Let k = 32 + -27. Let t be q(k). Suppose 4*o - t = o. Is o a prime number?
False
Let m be (-5)/10*2 + -4 - 2. Is 2*m/14*-3437 a prime number?
False
Suppose -56895 = -5*q - 5*h, -22750 = 7*q - 9*q - 4*h. Is q composite?
False
Let t(a) be the second derivative of 25*a**4/12 + a**3/6 - 7*a**2/2 + 6*a. Let j be 5/(-2)*8/(-5)*1. Is t(j) a prime number?
True
Let n(l) = l**3 - 12*l**2 + 9*l + 23. Suppose 2*f - 3*t = 26, -4*f + 5*t - t + 48 = 0. Suppose -5*v - 70 = -f*v. Is n(v) composite?
False
Let r(a) = -3598*a - 4697. Is r(-85) a prime number?
False
Let n(c) = -68*c - 97. Let k(a) = -68*a - 96. Let r(o) = -4*k(o) + 5*n(o). Is r(-6) a prime number?
True
Suppose 6*l = -8*l + 14. Is (-8)/16 - l/((-2)/5771) prime?
False
Let s = -2986977 + 4889434. Is s a composite number?
False
Is 621061 + (-170)/(-17) - 12 composite?
False
Let j = -1276 + 1916. Let i = 1047 - j. Is i a composite number?
True
Let g(q) = 78*q**2 - q - 2. Let p be g(-2). Let m be (-1)/(12/1887) + (-10)/(-40). Let c = p - m. Is c a composite number?
True
Suppose 10*y = -7*y + 896 + 1773. Is y composite?
False
Suppose 0 = 4*x + w - 8218, 8*x - 6160 = 5*x + w. Let n(q) = -1099*q. Let l be n(1). Let i = x + l. Is i a prime number?
False
Let f(s) = 3*s + 1. Let y(q) = -280*q - 164. Let u(n) = 3*f(n) + y(n). Is u(-30) a composite number?
True
Let u(p) = 14*p - 24. Let a be u(-7). Let n = -122 - a. Suppose 0 = 12*x - n*x - 10668. Is x prime?
False
Suppose 0 = 40980*m - 40982*m + 308102. Is m composite?
True
Suppose 5*c - 6 = 11*c. Is (7818 - 1)*-1*c a prime number?
True
Let y = -4320 + 8623. Let j = y - 2020. Is j prime?
False
Let u = 7899 + 9848. Is u prime?
True
Let t = 79323 - 45644. Is t composite?
False
Suppose i = 3 + 3. Let r be i/(-3*(-4)/1476). Is r - ((-3)/(-4) - 2/(-8)) prime?
False
Suppose 23720222 = 70*h - 26398308. Is h composite?
True
Is -5 - -3 - (-65)/30 - (-159224318)/132 a composite number?
True
Suppose 2476030 = 2*m - 2*j, 422915 = 2*m - 4*j - 2053099. Is m a prime number?
True
Let u = -670010 - -1208433. Is u a prime number?
True
Let f = 9715 - 1149. Suppose 4334 = 3*w + 4*h - 792, -f = -5*w - h. Is w a prime number?
False
Let y(q) = q**3 - 12*q**2 - 15*q + 24. Let h be y(13). Is ((-41436)/27)/(h/3) a prime number?
False
Let j be (-38 + 38)/(3 + -1). Suppose -5*b - 1641 + 7526 = j. Suppose -f + b - 8564 = -4*s, -5*f - 5536 = -3*s. Is s prime?
True
Let o(g) = -g**3 + 6*g**2 - 8*g. Let c = -10 + 14. Let t be o(c). Suppose t = -q + 471 + 584. Is q prime?
False
Let o(u) = u**2 + 10*u - 27. Let m be o(-13). Let w be (-459)/(-2)*16/m. Let k = 437 - w. Is k a composite number?
False
Let p = -1933 - 283. Let o = 16981 + p. Is o composite?
True
Let v(x) = -x**3 - 2*x**2 + 7*x - 8. Let n(w) = w**3 - 8*w**2 + 5*w - 22. Let o be n(8). Suppose 0 = 37*h - 40*h - o. Is v(h) a composite number?
True
Suppose 8*l - 10 = 134. Suppose -l*x + 1720 = -6758. Is x prime?
False
Let s be 7 + (-1)/1 + (-16 - -16). Suppose 543 = 9*q - s*q. Suppose -2*c - h = -162, -q = -3*c + h + 72. Is c a prime number?
True
Let j(h) = 9296*h**2 + 76*h - 51. Is j(5) composite?
True
Is ((-2)/(-8))/(4/23990736*21) a composite number?
True
Suppose -2*q - c = q - 38, 4*c = -2*q + 22. Let r = q + -25. Is (114/r)/((-1)/14) composite?
True
Suppose 8 = 2*l + 4*x, 2*x = 5*l - 2*l + 20. Let z be (-4428)/l - (-4)/1. Suppose -1804 = -5*g + z. Is g composite?
True
Let k be -1 + 2842 + 1*10/5. Let q = -1144 + -28. Let r = k + q. Is r a composite number?
True
Let t = -4 - -6. Let w be 5/(-1) + 432/54. Suppose l - 3*h - 365 = 93, -t*h = -w*l + 1353. Is l composite?
False
Suppose 16*k + 8*k - 96 = 0. Suppose -4*z + 5182 = 2*j, 5*z = k*j + j + 6500. Is z prime?
True
Let o(t) = 27*t**2 - 9*t + 5. Let h(q) = 3*q - 29. Let g be h(12). Let v be (8 - 0) + (8 - g). Is o(v) composite?
False
Let b(f) = f**2 - 3*f - 2. Let w be b(-2). Suppose 0*k + 5*k + 2*k = 0. Suppose -200 = -n - l, -3*n + w*n - 4*l - 991 = k. Is n prime?
True
Suppose 258*n = 261*n - 877551. Is n a prime number?
True
Suppose 0 = 4*y - 2 - 6. Let w be 5 + 0 - (0 + y). Suppose w*b = -b - h + 504, -4*b = -4*h - 524. Is b composite?
False
Let s = -201087 - -593998. Is s composite?
False
Is (10 + -1)/(-3) + 1578/3*2222 prime?
False
Let n(z) = -z - 1. Let c(t) = 285*t + 10. Let d(k) = -c(k) + 3*n(k). Is d(-8) prime?
False
Let o be 39/195 + (12418/(-10))/(-1). Let j = o - -2147. Is j composite?
False
Let u = -122 - -107. Let o be (6/u)/((-2)/(-670)). I